+ (1 - -7).
5
What is -7 + (13 - 10 - (1 - -1))?
-6
Calculate (-2 - -2) + 6 - 1.
5
What is the value of -4 + 0 - (0 - 7 - 1)?
4
(-6 - 6) + -1 + 8
-5
Calculate -3 - (-1 - -7) - -5 - -4.
0
What is the value of 7 + 1 - 2 - (-3 + 1)?
8
What is the value of 4 - (5 - (-3 - -3 - 1))?
-2
What is the value of 0 + 10 - (14 - 6)?
2
Evaluate 4 + -4 + -4 - -5.
1
What is -3 + -3 + 0 + 4 + 0?
-2
(-11 - -7) + (0 - -4)
0
(-6 - (-2 - (1 - 0))) + -1
-4
What is the value of (-1 - (2 + 2)) + 5 + -2?
-2
What is the value of (-29 - -30) + 4 + 1?
6
What is -2 + 6 + (3 - 4) + -4?
-1
What is -4 - (5 + (-9 - -4))?
-4
What is (8 - 13) + -2 + 7 + -3?
-3
What is 0 + -6 + 2 + 1 - 0?
-3
Calculate -1 - -2 - -3 - (-1 - -1).
4
What is 0 - (-7 - -5) - -3?
5
What is the value of (5 - 5) + (-9 - -9)?
0
Calculate -11 + (-8 + (2 - -5) - -4).
-8
What is 33 + -31 - (3 + 0 + -1)?
0
(-15 - -17) + (-3 - (0 - 4))
3
Evaluate (-11 - 3) + 1 - -8.
-5
-3 - (0 + 7 + -1) - -5
-4
What is the value of -7 + 6 - (1 - 2) - 3?
-3
What is 0 - (1 - (-4 - (-4 - -5)))?
-6
What is (3 - 4) + 1 - (-1 + -2)?
3
Evaluate (-3 - -2 - (-3 - 0)) + 1.
3
Calculate 1 - 4 - ((-1 - -4) + -1).
-5
What is 2 - 0 - (20 + -9 - 17)?
8
2 - (-4 + 5) - -1
2
What is the value of -1 + (1 - 1 - -1)?
0
What is the value of -4 - ((11 - 4) + -18) - 6?
1
Calculate 0 - (-5 + 10 - 3).
-2
What is -11 + 5 - -11 - 3?
2
What is 3 - (1 + 21 + -10)?
-9
What is (99 - 97) + 2 + 8 + -2?
10
What is 2 + (5 + -2 - (7 + -3))?
1
Evaluate 3 + (4 - 4) + 1.
4
-8 - (-3 - (1 - 3))
-7
What is the value of (-3 - 2) + (-1 + 4 - -1)?
-1
Evaluate 19 + -6 + -8 + 2 - -2.
9
Calculate -2 + (1 - -4) - 6.
-3
Calculate (-4 - -6) + -9 + 2.
-5
Evaluate 0 + -6 - (-4 + (-8 - -11)).
-5
What is (34 - 12 - 5) + -11?
6
6 + -8 + 9 + 0
7
What is the value of 4 - 11 - (5 + -7)?
-5
Evaluate (-11 - -3) + 4 + -1.
-5
What is (9 - 8 - -9) + -10?
0
Evaluate 1 + (1 - (-4 - -6)) + 1.
1
What is (-1 - 5) + 47 + -41?
0
0 + 1 + (-3 - (-2 - -1))
-1
3 + (3 - (3 - -3))
0
Evaluate (12 - (9 - 4)) + -2.
5
What is the value of -3 - (2 + 1 - (3 - -2))?
-1
1 + -6 - 5 - -11
1
What is (0 - 1) + 5 - 0?
4
Evaluate (16 - 24) + 2 + 0.
-6
Evaluate 19 + (12 - 34) - (-1 - 0).
-2
What is 2 + (6 - 18 - -3)?
-7
-1 - -4 - (12 - 8) - 3
-4
(0 - 3) + (81 - 81)
-3
Evaluate 36 + -39 - (-10 + 3).
4
What is the value of 1 + 3 + 40 + -40?
4
Evaluate (5 + -3 - (1 + 0)) + 0.
1
What is the value of -4 + (-6 + 6 - -3) - 0?
-1
0 - -6 - ((-4 - -14) + 0)
-4
What is the value of -23 + 5 + 5 - -12?
-1
-2 - (-4 + (1 - -2) + -1)
0
Calculate -10 + 46 + -42 + (-1 - -3).
-4
What is the value of -5 + (4 - (2 + 2))?
-5
Calculate -1 - -3 - (-1 - -5).
-2
Calculate 6 + -5 + 4 + -1 + -5.
-1
What is (5 - 10) + 0 + 5?
0
What is the value of 3 - (-4 + 4 + 1)?
2
-5 + 3 + -2 + 6
2
Calculate -2 + (-4 + -5 - -18).
7
Evaluate 0 + (4 - 2) + -2 + 2.
2
Calculate 2 + 0 + (5 - 3 - 3).
1
What is -5 + (24 - 10) + 0?
9
Evaluate 7 + 7 + -9 + -14 + 7.
-2
What is -6 + (2 + 0 - -2) - 1?
-3
(3 - 0) + -2 + -4 + 7
4
Calculate -1 + -3 - -7 - -2.
5
Evaluate (23 + -21 - (-1 - -8)) + 4.
-1
Calculate 3 - (21 - (1 - -9)).
-8
What is the value of 5 + (2 - (0 + 3))?
4
Calculate (6 - -1) + -5 - 5.
-3
Evaluate 0 - (-3 + 3 - 4).
4
Calculate 17 + 0 + (-20 - -12).
9
What is the value of 1 - -1 - (-5 - 1 - -4)?
4
What is 4 - -1 - (1 + 3 + -2)?
3
What is 4 - (4 + 1 + -4)?
3
Calculate (-14 - -2) + (7 - 7 - -4).
-8
What is -6 - ((-12 - -6) + -2 + 5)?
-3
Evaluate 6 - 8 - -2 - (-2 - -3).
-1
What is the value of -1 + 0 - (-4 + 9 - 10)?
4
(0 - -4 - 0 - 3) + -2
-1
What is (-6 + 0 - -10) + -6?
-2
Evaluate 1 - (-4 + (-3 - -5)) - -2.
5
Evaluate -1 - (-6 + (2 - -5)).
-2
Calculate 5 + -1 - (-15 + 19).
0
Calculate -6 - (2 - 12) - 9.
-5
Calculate 3 + -2 + (-2 - (0 - 0)).
-1
What is 0 + -1 + -3 + 4?
0
What is (2 - 16) + -4 + -1 + 12?
-7
What is the value of 4 + -3 - (5 - 11)?
7
What is the value of -2 + 6 + 0 - 7?
-3
-8 + (-1 - (4 - 7) - 0)
-6
Calculate -1 - (-7 - (2 + -13 + 6)).
1
What is (-2 - -8 - 3) + -6?
-3
What is the value of 0 + -8 - (-1 + -2)?
-5
Calculate -3 - (3 + 1 + -4) - 1.
-4
Evaluate 5 + -4 + (-25 - -28).
4
Evaluate (1 - (4 - -2)) + 8 - 3.
0
What is -1 + (1 - 5) - -1?
-4
What is 0 + -6 - (0 + -5) - 3?
-4
2 + 5 + (3 - 5) - 1
4
What is 2 + -4 - (3 + -7 - -6)?
-4
What is the value of 0 - (-7 - -12) - -5?
0
Evaluate (2 - (0 + -2)) + -1 - 4.
-1
2 + 1 - 1 - (2 - -3)
-3
-2 - (2 - 4) - -1
1
-13 + 6 + (1 - 1)
-7
-2 + 4 - (12 + -7)
-3
What is (-3 - (-1 - 2)) + (1 - -1)?
2
Evaluate 0 + (6 - -1) + 44 + -50.
1
What is the value of (-1 - (8 + 0)) + 2?
-7
3 + -10 + 10 + 1 + 0
4
Calculate -6 + 5 + 1 - -1.
1
Calculate -1 + -3 + 2 + 1.
-1
What is -1 - (4 + -1 - (-11 - -14))?
-1
What is the value of -5 - (12 + -5 + -15)?
3
(16 - 8) + -7 - -3
4
2 - (11 - (3 + 8 + -5))
-3
What is (-5 - (-6 + 8)) + 9?
2
What is -3 - (8 + 6 + -12)?
-5
6 - (3 + -3 + 4)
2
What is the value of 3 + (-2 - -2) + (0 - -1)?
4
What is the value of (-87 - -77) + (1 - -4)?
-5
(8 - (8 - -8)) + 4
-4
Evaluate 33 + -40 + (0 - 0) + 5.
-2
What is 5 + (-15 - (3 + -7))?
-6
0 - (5 - 3) - (7 - 7)
-2
What is the value of (40 - 43) + (5 - 0)?
2
5 - (0 - (-3 + -4))
-2
-7 - (4 + 3 + 4 + -8)
-10
Evaluate (-5 + -1 - (-28 - -18)) + 0.
4
Calculate -9 - -3 - (-1 + -1).
-4
6 - (-4 - (-7 - -7) - -21)
-11
8 - (3 + (4 - 4))
5
Calculate (4 - -3 - 0) + -4.
3
Evaluate (-4 - (-4 + 1)) + -2.
-3
What is the value of 15 - (-5 - (5 - 15))?
10
Evaluate (-1 - 1) + (1 - -5).
4
Evaluate (-10 - -10 - 3) + (-1 - -5).
1
Calculate (0 - -2) + 1 + -2 + 2.
3
Evaluate -5 + (1 - -5) - (-2 + 0).
3
What is -3 + (0 - (-9 + 6)) + 0?
0
What is the value of (-2 - -4) + -3 + 0?
-1
What is the value of -6 - (-2 - -5 - 5 - 0)?
-4
Calculate -5 + (-1 - 2) + (7 - -1).
0
What is the value of 12 - (17 + -5 + 0)?
0
-3 + 4 + (-2 - 5) + -1
-7
Calculate (-2 - (0 + 0)) + 3.
1
Calculate 12 + (2 - (-3 - -14)).
3
Evaluate 2 - (4 + (14 - 7 - 6)).
-3
Evaluate -12 - (-35 + -1 + 16).
8
-2 + 1 - (4 - 8 - -1)
2
What is the value of -4 + 1 - (13 + -11 + -8)?
3
What is the value of 1 + -4 + 2 + (-2 - -5)?
2
What is the value of 5 + -7 + (9 + -3 - 2)?
2
What is 0 + 2 + 0 + 2?
4
What is -33 + 34 - (2 + -1 - -2)?
-2
What is the value of 2 - (-1 + -6 + 4)?
5
Evaluate (5 - 3) + -10 + 10 + -2.
0
5 - (5 + 2 + -1 + -5)
4
Evaluate 3 + ((-2 - -1) + 2 - -1).
5
What is the value of 77 + -73 + -1 + -7 + 1?
-3
What is the value of (1 - 3) + (15 - 8)?
5
What is (5 - 0 - (24 - 17)) + 5?
3
Evaluate (-11 - 0) + 7 + (0 - -8).
4
What is the value of -1 - ((-6 + 4 - -7) + 0)?
-6
Evaluate (1 - 3) + 1 + (-2 - 0).
-3
Calculate -1 - -8 - (28 - 22).
1
What is -6 - 1 - (13 + -11 + -11)?
2
0 - (-3 - -3) - 2 - -2
0
What is (-43 - -40) + 1 + 2?
0
-1 + 4 - (-13 + 10)
6
Evaluate (7 - (-8 - -3)) + -9.
3
What is the value of 7 + (9 - 5) + -18 + 2?
-5
-4 + 2 + 1 + (-39 - -33)
-7
What is 7 + -2 + -4 - -6 - 5?
2
-11 + -3 + 10 + 2
-2
What is the value of 2 + (13 - (0 - -6))?
9
Evaluate -12 - -1 - (12 + -22 + 5).
-6
What is the value of -9 + 3 + 3 + 0?
-3
Evaluate (1 - 3) + (-5 - -2) + 8.
3
What is the value of (-5 - (2 + (3 - 4))) + 1?
-5
What is 5 + -5 + -8 + (2 - -1)?
-5
Calculate (-9 - -6) + 4 + 1.
2
Calculate -1 + (-2 - -4) - 0.
1
Calculate 4 + -9 + 4 + 4.
3
Calculate -10 - (-6 - 4 - 1).
1
Calculate -1 - -4 - (-1 + 0 + -2).
6
1 + -1 - (1 + 2 + -8)
5
What is 8 - (1 - (-4 + 1))?
4
3 + 0 + (-2 - -4)
5
3 + 1 - 15 - -9
-2
-2 - 1 - (0 - -3 - -2)
-8
Evaluate (-8 - -10) + (1 - 3).
0
Evaluate (-5 - (2 + -3)) + 4 - 1.
-1
Evaluate -9 + (4 - (2 - 6)).
-1
Calculate (10 + 5 - -10) + -14.
11
What is 4 + -1 - 5 - -1?
-1
Calculate -2 + (0 - (-12 + 9)).
1
What is (-12 - (-8 - 0)) + -8 - -2?
-10
(1 - 2) + (-3 - -1)
-3
Calculate -9 + 4 + (5 - 1) + 3.
2
What is the value of (3 - (-4 - 1)) + -15?
-7
Calculate 4 - (5 + 6 + -11) - 7.
-3
What is 5 + -8 + 3 + -3?
-3
What is -2 + 2 + -10 + -1 + 6?
-5
What is 3 + 9 + -14 - 0?
-2
4 + (4 - 4 - 4 - -2)
2
What is 4 - (9 - 1) - -2?
-2
2 + 1 + 4 + -13
-6
What is -8 + (10 - 10) + 8?
0
-1 - -1 - (4 + (0 - 1))
-3
Calculate (-6 - -11) + -5 + 2.
2
-7 + (7 - 2) + 6 + 3
7
What is 2 + 1 + 2 - (37 - 36)?
4
What is the value of -75 - -89 - (11 - 2)?
5
Calculate (-2 - 2 - -5) + 1 + 2.
4
-9 - (5 - (-1 + 18))
3
What is -1 + (-2 - (5 - 4))?
-4
-10 + (11 - -1) - 11
-9
Evaluate -5 + (-5 - (-12 + -3)).
5
What is -14 + 5 + 18 +